16 = 0, d = 4*u - 354. Let z(c) = 12*c**2 - 7*c + 2. Let i be z(-6). Let y = i + d. Calculate the remainder when y is divided by 13.
12
Let k = 361 + -557. Let l = -171 - k. Suppose 4*h - 26 = 2*h. What is the remainder when l is divided by h?
12
Let p(a) be the first derivative of a**3/3 + 3*a**2/2 - 11. Let q be p(-3). Let o = 67 - q. What is the remainder when o is divided by 14?
11
Suppose 5*v - 460 = -4*k + 274, -3*k - 5*v = -543. Calculate the remainder when k is divided by 25.
16
Suppose 0 = 8*i - 9*i + 2*w + 27, 5*w + 108 = 4*i. What is the remainder when 913 is divided by i?
22
Let n(h) = 2*h**2 + 48*h + 363. Calculate the remainder when 359 is divided by n(-7).
109
What is the remainder when 146 is divided by -14 - (7 + -253)/6?
11
Let j(f) = 3*f**2 - 8*f + 12. Let k be j(3). Let x(u) = -u**2 + 18*u - 32. What is the remainder when 1 - -2 - 16*-2 is divided by x(k)?
9
Suppose 0*o - o = -8*o + 6699. Calculate the remainder when o is divided by 938.
19
Suppose 0 = -261*k + 15169 + 21893. What is the remainder when 443 is divided by k?
17
Let z(n) = 31*n**2 + n + 2. Calculate the remainder when z(2) is divided by ((-8976)/60)/(-11) + 9/(-15).
11
Let g(x) = x**3 + 30*x**2 + 44*x - 69. Let r(j) = -9*j + 14. Calculate the remainder when g(-28) is divided by r(-6).
63
Let h = -276 - -281. Suppose 3*f + w - 51 = 16, h*f + 2*w = 111. What is the remainder when 116 is divided by f?
1
Let i = -20383 - -20417. Let f(a) = a**3 + 9*a**2 + 9*a + 6. Let m be f(-8). Let y = m + 15. Calculate the remainder when i is divided by y.
8
Let d(i) = -i**3 + 9*i**2 - 11*i + 8. Suppose -10*z - 3*z = 130. What is the remainder when d(7) is divided by -6*z/8*2?
14
Let k(y) = 32*y - 188. What is the remainder when 79 is divided by k(6)?
3
What is the remainder when 1189 - -7 - 14/(-21)*3 is divided by 15?
13
Suppose -s - 6*g + 4*g + 13 = 0, g - 4 = 0. Suppose 2*f - 20 = 6*f, 3*c + s*f - 68 = 0. Let t = 14 - 6. Calculate the remainder when c is divided by t.
7
Let x = -34 + 20. Let w = 11 - x. What is the remainder when (-4)/(-16) + (-558)/(-8) is divided by w?
20
Let z = -65 - -114. Calculate the remainder when 98 is divided by z.
0
Let q = 858 - 839. Calculate the remainder when 282 is divided by q.
16
Let o be 2*((-111)/2)/(-1). What is the remainder when (21/6)/(-2 + o/54) is divided by 17?
12
Suppose -57*w + 176 = 4*g - 61*w, 5*g = -3*w + 188. Calculate the remainder when (648/(-120))/(6/(-130)) is divided by g.
37
Let x(b) = 2*b**2 + 2*b**2 - 2 + 15*b - 6 - 2 + 0*b**2. What is the remainder when x(3) is divided by 36?
35
Let y = -106 + 104. Calculate the remainder when (2 - 2) + 2*39 is divided by 2 + y + (-3 - -6) + 17.
18
Suppose -22 + 6 = -8*x. Let u(j) = 2*j - 26*j**2 - 34*j**2 + 94*j**x - 33*j**2 + 15. What is the remainder when u(0) is divided by 9?
6
Let k(d) = d**2 + d - 13. Let y be k(3). Let o = 15 + y. What is the remainder when ((-9 - -7)/(2/97))/(-1) is divided by o?
13
Let h = -1668 - -1713. What is the remainder when h is divided by 3*(-4)/(-24)*28?
3
Suppose 6*y - 235 = 197. Suppose -12 = -7*g + y. Calculate the remainder when 93 is divided by g.
9
Suppose 5*s + 106 = y - 0*y, -122 = -y - 3*s. Let q(f) = -9*f + 4*f + 4*f + y*f**2. What is the remainder when q(-1) is divided by 40?
37
Suppose 2606 - 716 = 5*f. Suppose -4*v + 13*v - f = 0. Suppose 5*c = -5*h + 90, 5*c - 3*h = 2 + 64. Calculate the remainder when v is divided by c.
12
Let t(b) = -b**3 + 6*b**2 + 5*b + 17. Let l be t(7). Suppose -2*p - 3*c - 64 = -3*p, -l*c = 0. Calculate the remainder when p is divided by 13.
12
Let u(d) = d - 8. Let m = -55 + 68. Let y be u(m). Let n(t) = t + 5. Calculate the remainder when 47 is divided by n(y).
7
Let k = 4763 + -4757. Let j(q) = 2*q**2 + 2*q + 3. What is the remainder when j(-3) is divided by k?
3
Let t(w) = w**3 - 7*w**2 - 16*w - 19. Let q be t(9). Calculate the remainder when ((-1098)/4)/q - 1/2 is divided by 28.
22
Suppose 0 = 3*c + 15, -3*q + 3*c = -q - 11. Let a(d) = 5*d**2 + 9*d - 55. What is the remainder when a(-6) is divided by (32/12)/(q/(-18))?
23
What is the remainder when 579 is divided by -744*(156/(-24) + -3 + 7 + 2)?
207
Let a be 4/(-3)*(1 - 7). Suppose -2*q + q + a = 0. Calculate the remainder when 12 is divided by q.
4
Suppose -7*p = 3*r - 1176, -19*r = -24*r - p + 1960. Calculate the remainder when 440 is divided by r.
48
Suppose -265 = 4*l + 534 - 1211. Calculate the remainder when 789 is divided by l.
68
What is the remainder when (26/3)/((-126)/(-70) - 3069/1755) is divided by (1*-1)/(1/(-43))?
40
Suppose 28*d - 200 = 32*d. Let n = -39 - d. Calculate the remainder when 240 is divided by n.
9
Let z(o) = o**3 + 7*o**2 + 3*o - 9. Let m = 9 + -11. Let a = m - 3. What is the remainder when z(a) is divided by 9?
8
Let m = 83 + -43. Let y be ((-12)/3)/(-4) + 4. What is the remainder when m is divided by y*(0 - -3 - 0)?
10
Suppose 210 - 44 = 6*h - 62. Suppose 59 + 259 = 3*b. Calculate the remainder when b is divided by h.
30
Suppose 2*u - 105 = -3*u. Let q be (6/u)/(-1 - (-8)/7). Let b(j) = 6*j**2 - 4*j + 3. Calculate the remainder when 35 is divided by b(q).
16
What is the remainder when 857 is divided by (-1 + 85)*936/546?
137
Let r(b) = 2*b**2 + 12*b + 67. Let h be r(-4). Suppose 71*u - h*u - 220 = 0. What is the remainder when 62 is divided by u?
7
Suppose 56623*u - 56603*u = 22860. Calculate the remainder when u is divided by 283.
11
Let g(c) = -2*c**3 - 2*c - 6. Suppose -35*x + 367 + 411 = -517. What is the remainder when g(-4) is divided by x?
19
What is the remainder when (-25)/((-4)/176*(6 + -3 - 2)) is divided by 19?
17
Suppose 37*g = -90*g + 5842. What is the remainder when 1057 is divided by g?
45
Let t(b) be the second derivative of 7*b**3/6 - 9*b**2/2 + 2*b. What is the remainder when t(6) is divided by -27 + 22 - (-4)/((48/28)/6)?
6
Let h(m) = 4*m**2 + 18872*m - 188856. Calculate the remainder when h(10) is divided by (-12)/(-9)*6/4.
0
Let z = -1045 - -1059. Calculate the remainder when 614 is divided by z.
12
Suppose 0 = 171*k - 20*k - 5426 - 614. Calculate the remainder when 19239 is divided by k.
39
Let p(i) = i**2 - 9*i - 921. Let u = -56 - -86. What is the remainder when p(37) is divided by u?
25
Suppose 0 = -7*a + 22 + 20. Let x = 27 - a. What is the remainder when 59 is divided by x*(5 - (8 - 4))?
17
Let r = 19832 - 19716. Calculate the remainder when 368 is divided by r.
20
Let w be 9/(-7) - (-2)/7. Suppose 5*r - 120 + 20 = 0. Calculate the remainder when 55 - w*(0 - -3) is divided by r.
18
Let h(x) = x**3 - 27*x**2 - 35*x - 34. Let p be h(28). Let i = p - -239. Calculate the remainder when i is divided by 1.
0
Let s(y) = 14*y**3 - 2*y**2 + 1. Let n(k) = k**3 - 30*k**2 + 31*k - 18. Let h be n(29). Let d = h + -22. Calculate the remainder when d is divided by s(1).
5
Let j(c) = 11*c**3 - 2*c**2 + 5. Let p(m) = m**2 - 39*m + 69. What is the remainder when j(2) is divided by p(38)?
23
Let s(g) = 833*g + 3416. Calculate the remainder when s(0) is divided by 17.
16
Let g be 9/6*38/3*1. Suppose 21*n - g*n - 76 = 0. What is the remainder when 226 is divided by n?
36
Suppose -2*h - 31 = -5*y, -5*h - 14 = -y - 2*h. Suppose -45 = -3*o + y*a + 10, 0 = -5*o + a + 77. Calculate the remainder when 130 is divided by o.
10
Suppose 4*o = 5*w - 749, 3*w + 4*o = 306 + 137. Let i = w + -98. Suppose 63 + i = 3*n. What is the remainder when n is divided by 7?
3
Suppose -2*z + 14 = 3*l - 1, 4*l = 3*z + 3. Let b = -128 - -214. Suppose -4*h + 10 = h, 3*w - b = -4*h. What is the remainder when w is divided by z?
2
Suppose -3*o - 3*v + 243 = 0, -68 + 8 = -o + 2*v. What is the remainder when 5695 is divided by o?
71
Let v = -13968 - -14330. What is the remainder when v is divided by 44?
10
Let m = -4 - -67. Suppose -z = -2*z + m. Suppose 3*n = -0*n + z. What is the remainder when 60 is divided by n?
18
Let a(d) = 3*d**2 - 18*d - 7. Let t be a(6). Suppose -v + i + 17 = 4*i, 2*v - i - 6 = 0. What is the remainder when (1 + -2)/(t/119) is divided by v?
2
Let r(w) = 7*w**2 - 9*w + 17. Let v be r(-10). Suppose 5*y - 25 = 0, 91 = -4*z - 4*y + v. What is the remainder when z is divided by 35?
34
Let s(d) = 27 - 21 - 3*d + 32. What is the remainder when s(6) is divided by 3?
2
Suppose -423*w - 5*a = -420*w - 233, -75 = -w + a. What is t